{"id":10,"date":"2019-09-26T21:00:27","date_gmt":"2019-09-26T19:00:27","guid":{"rendered":"http:\/\/leschonsdemeraude.fr\/?page_id=10"},"modified":"2020-01-22T19:21:01","modified_gmt":"2020-01-22T18:21:01","slug":"installations","status":"publish","type":"page","link":"https:\/\/leschonsdemeraude.fr\/index.php\/installations\/","title":{"rendered":"Installations"},"content":{"rendered":"\r\n<h2><strong>Tout en un !<\/strong><\/h2>\r\n\r\n\r\n\r\n<p>Le b\u00e2timent comporte une partie stock, pr\u00e9paration (liti\u00e8re et aliment), et les cobayes bien entendu. Ainsi qu&rsquo;un chenil pour le gardiennage de tout ce petit monde.<\/p>\r\n\r\n\r\n\r\n<p>Cot\u00e9 installations\u00a0une partie est en armoire, avec\u00a060 cases compos\u00e9es chacune de 2 bacs alimentaires de\u00a060*40*12 sur 3 rang\u00e9es.<\/p>\r\n\r\n\r\n\r\n<p>Face \u00e0 ces armoires, j&rsquo;ai install\u00e9\u00a010 parcs sur sol plastique.<\/p>\r\n\r\n\r\n\r\n<p>Tout est \u00e9quip\u00e9 en pipettes pour l&rsquo;eau.<\/p>\r\n\r\n\r\n\r\n<p>Les quarantaines aux besoins se font chez mes parents, non chez moi.<\/p>\r\n<p><img loading=\"lazy\" class=\"alignnone size-medium wp-image-11\" src=\"http:\/\/leschonsdemeraude.fr\/wp-content\/uploads\/2019\/09\/2013_09_28_1__ws1019324759-300x225.jpg\" alt=\"\" width=\"300\" height=\"225\" srcset=\"https:\/\/leschonsdemeraude.fr\/wp-content\/uploads\/2019\/09\/2013_09_28_1__ws1019324759-300x225.jpg 300w, https:\/\/leschonsdemeraude.fr\/wp-content\/uploads\/2019\/09\/2013_09_28_1__ws1019324759-768x576.jpg 768w, https:\/\/leschonsdemeraude.fr\/wp-content\/uploads\/2019\/09\/2013_09_28_1__ws1019324759.jpg 1000w\" sizes=\"(max-width: 300px) 100vw, 300px\" \/> <img loading=\"lazy\" class=\"alignnone size-medium wp-image-12\" src=\"http:\/\/leschonsdemeraude.fr\/wp-content\/uploads\/2019\/09\/2013_09_28_4__ws1019324770-300x225.jpg\" alt=\"\" width=\"300\" height=\"225\" srcset=\"https:\/\/leschonsdemeraude.fr\/wp-content\/uploads\/2019\/09\/2013_09_28_4__ws1019324770-300x225.jpg 300w, https:\/\/leschonsdemeraude.fr\/wp-content\/uploads\/2019\/09\/2013_09_28_4__ws1019324770-768x576.jpg 768w, https:\/\/leschonsdemeraude.fr\/wp-content\/uploads\/2019\/09\/2013_09_28_4__ws1019324770.jpg 1000w\" sizes=\"(max-width: 300px) 100vw, 300px\" \/> <img loading=\"lazy\" class=\"alignnone size-medium wp-image-13\" src=\"http:\/\/leschonsdemeraude.fr\/wp-content\/uploads\/2019\/09\/2014_01_01_instal_2_b_ws1020263984-300x224.jpg\" alt=\"\" width=\"300\" height=\"224\" srcset=\"https:\/\/leschonsdemeraude.fr\/wp-content\/uploads\/2019\/09\/2014_01_01_instal_2_b_ws1020263984-300x224.jpg 300w, https:\/\/leschonsdemeraude.fr\/wp-content\/uploads\/2019\/09\/2014_01_01_instal_2_b_ws1020263984-768x573.jpg 768w, https:\/\/leschonsdemeraude.fr\/wp-content\/uploads\/2019\/09\/2014_01_01_instal_2_b_ws1020263984.jpg 1000w\" sizes=\"(max-width: 300px) 100vw, 300px\" \/> <img loading=\"lazy\" class=\"alignnone size-medium wp-image-14\" src=\"http:\/\/leschonsdemeraude.fr\/wp-content\/uploads\/2019\/09\/2014_01_01_instal_3_b_ws1020264297-300x224.jpg\" alt=\"\" width=\"300\" height=\"224\" srcset=\"https:\/\/leschonsdemeraude.fr\/wp-content\/uploads\/2019\/09\/2014_01_01_instal_3_b_ws1020264297-300x224.jpg 300w, https:\/\/leschonsdemeraude.fr\/wp-content\/uploads\/2019\/09\/2014_01_01_instal_3_b_ws1020264297-768x573.jpg 768w, https:\/\/leschonsdemeraude.fr\/wp-content\/uploads\/2019\/09\/2014_01_01_instal_3_b_ws1020264297.jpg 1000w\" sizes=\"(max-width: 300px) 100vw, 300px\" \/> <img loading=\"lazy\" class=\"alignnone size-medium wp-image-15\" src=\"http:\/\/leschonsdemeraude.fr\/wp-content\/uploads\/2019\/09\/2014_01_01_instal_5_b_ws1020264352-224x300.jpg\" alt=\"\" width=\"224\" height=\"300\" srcset=\"https:\/\/leschonsdemeraude.fr\/wp-content\/uploads\/2019\/09\/2014_01_01_instal_5_b_ws1020264352-224x300.jpg 224w, https:\/\/leschonsdemeraude.fr\/wp-content\/uploads\/2019\/09\/2014_01_01_instal_5_b_ws1020264352.jpg 746w\" sizes=\"(max-width: 224px) 100vw, 224px\" \/> <img loading=\"lazy\" class=\"alignnone size-medium wp-image-16\" src=\"http:\/\/leschonsdemeraude.fr\/wp-content\/uploads\/2019\/09\/2014_01_01_instal_6_b_ws1020264484-300x224.jpg\" alt=\"\" width=\"300\" height=\"224\" srcset=\"https:\/\/leschonsdemeraude.fr\/wp-content\/uploads\/2019\/09\/2014_01_01_instal_6_b_ws1020264484-300x224.jpg 300w, https:\/\/leschonsdemeraude.fr\/wp-content\/uploads\/2019\/09\/2014_01_01_instal_6_b_ws1020264484-768x573.jpg 768w, https:\/\/leschonsdemeraude.fr\/wp-content\/uploads\/2019\/09\/2014_01_01_instal_6_b_ws1020264484.jpg 1000w\" sizes=\"(max-width: 300px) 100vw, 300px\" \/><\/p>\r\n<p>&nbsp;<\/p>\r\n<p><a href=\"http:\/\/leschonsdemeraude.fr\/wp-content\/uploads\/2020\/01\/2014-08-Parc-1-scaled.jpg\"><img loading=\"lazy\" class=\"alignnone size-full wp-image-329\" src=\"http:\/\/leschonsdemeraude.fr\/wp-content\/uploads\/2020\/01\/2014-08-Parc-1-scaled.jpg\" alt=\"\" width=\"2560\" height=\"1920\" srcset=\"https:\/\/leschonsdemeraude.fr\/wp-content\/uploads\/2020\/01\/2014-08-Parc-1-scaled.jpg 2560w, https:\/\/leschonsdemeraude.fr\/wp-content\/uploads\/2020\/01\/2014-08-Parc-1-300x225.jpg 300w, https:\/\/leschonsdemeraude.fr\/wp-content\/uploads\/2020\/01\/2014-08-Parc-1-1024x768.jpg 1024w, https:\/\/leschonsdemeraude.fr\/wp-content\/uploads\/2020\/01\/2014-08-Parc-1-768x576.jpg 768w, https:\/\/leschonsdemeraude.fr\/wp-content\/uploads\/2020\/01\/2014-08-Parc-1-1536x1152.jpg 1536w, https:\/\/leschonsdemeraude.fr\/wp-content\/uploads\/2020\/01\/2014-08-Parc-1-2048x1536.jpg 2048w\" sizes=\"(max-width: 2560px) 100vw, 2560px\" \/><\/a><\/p>\r\n<p><a href=\"http:\/\/leschonsdemeraude.fr\/wp-content\/uploads\/2020\/01\/DSC08312-scaled.jpg\"><img loading=\"lazy\" class=\"alignnone size-full wp-image-330\" src=\"http:\/\/leschonsdemeraude.fr\/wp-content\/uploads\/2020\/01\/DSC08312-scaled.jpg\" alt=\"\" width=\"2560\" height=\"1920\" srcset=\"https:\/\/leschonsdemeraude.fr\/wp-content\/uploads\/2020\/01\/DSC08312-scaled.jpg 2560w, https:\/\/leschonsdemeraude.fr\/wp-content\/uploads\/2020\/01\/DSC08312-300x225.jpg 300w, https:\/\/leschonsdemeraude.fr\/wp-content\/uploads\/2020\/01\/DSC08312-1024x768.jpg 1024w, https:\/\/leschonsdemeraude.fr\/wp-content\/uploads\/2020\/01\/DSC08312-768x576.jpg 768w, https:\/\/leschonsdemeraude.fr\/wp-content\/uploads\/2020\/01\/DSC08312-1536x1152.jpg 1536w, https:\/\/leschonsdemeraude.fr\/wp-content\/uploads\/2020\/01\/DSC08312-2048x1536.jpg 2048w\" sizes=\"(max-width: 2560px) 100vw, 2560px\" \/><\/a><\/p>\r\n","protected":false},"excerpt":{"rendered":"<p>Tout en un ! Le b\u00e2timent comporte une partie stock, pr\u00e9paration (liti\u00e8re et aliment), et les cobayes bien entendu. Ainsi qu&rsquo;un chenil pour le&#8230;<\/p>\n","protected":false},"author":1,"featured_media":0,"parent":0,"menu_order":0,"comment_status":"closed","ping_status":"closed","template":"","meta":[],"_links":{"self":[{"href":"https:\/\/leschonsdemeraude.fr\/index.php\/wp-json\/wp\/v2\/pages\/10"}],"collection":[{"href":"https:\/\/leschonsdemeraude.fr\/index.php\/wp-json\/wp\/v2\/pages"}],"about":[{"href":"https:\/\/leschonsdemeraude.fr\/index.php\/wp-json\/wp\/v2\/types\/page"}],"author":[{"embeddable":true,"href":"https:\/\/leschonsdemeraude.fr\/index.php\/wp-json\/wp\/v2\/users\/1"}],"replies":[{"embeddable":true,"href":"https:\/\/leschonsdemeraude.fr\/index.php\/wp-json\/wp\/v2\/comments?post=10"}],"version-history":[{"count":4,"href":"https:\/\/leschonsdemeraude.fr\/index.php\/wp-json\/wp\/v2\/pages\/10\/revisions"}],"predecessor-version":[{"id":332,"href":"https:\/\/leschonsdemeraude.fr\/index.php\/wp-json\/wp\/v2\/pages\/10\/revisions\/332"}],"wp:attachment":[{"href":"https:\/\/leschonsdemeraude.fr\/index.php\/wp-json\/wp\/v2\/media?parent=10"}],"curies":[{"name":"wp","href":"https:\/\/api.w.org\/{rel}","templated":true}]}}