{"id":7,"date":"2019-09-25T21:13:22","date_gmt":"2019-09-25T19:13:22","guid":{"rendered":"http:\/\/leschonsdemeraude.fr\/?page_id=7"},"modified":"2024-02-18T13:08:31","modified_gmt":"2024-02-18T12:08:31","slug":"accueil","status":"publish","type":"page","link":"https:\/\/leschonsdemeraude.fr\/","title":{"rendered":"Accueil"},"content":{"rendered":"<div><\/div>\n<h3><strong>Bienvenue aux Chons d&rsquo;Emeraude<\/strong><\/h3>\n<p>Je me pr\u00e9sente, Fabrice. Je poss\u00e8de des cochons d&rsquo;inde depuis une trentaine d&rsquo;ann\u00e9e, mais ce n&rsquo;est que depuis 2010 que j&rsquo;ai appris\u00a0\u00e0 d\u00e9couvrir les races, les vari\u00e9t\u00e9s&#8230;<\/p>\n<p>Mon \u00e9levage se d\u00e9cline en US-Teddy de diverses vari\u00e9t\u00e9s. Ainsi que quelques P\u00e9ruviens.<\/p>\n<h3>Un r\u00e9sultat qui compte pour nous:<\/h3>\n<p><a href=\"http:\/\/leschonsdemeraude.fr\/wp-content\/uploads\/2022\/12\/DSC06268b-1.jpg\"><img loading=\"lazy\" class=\"wp-image-1634 aligncenter\" src=\"http:\/\/leschonsdemeraude.fr\/wp-content\/uploads\/2022\/12\/DSC06268b-1.jpg\" alt=\"\" width=\"321\" height=\"385\" srcset=\"https:\/\/leschonsdemeraude.fr\/wp-content\/uploads\/2022\/12\/DSC06268b-1.jpg 1393w, https:\/\/leschonsdemeraude.fr\/wp-content\/uploads\/2022\/12\/DSC06268b-1-250x300.jpg 250w, https:\/\/leschonsdemeraude.fr\/wp-content\/uploads\/2022\/12\/DSC06268b-1-853x1024.jpg 853w, https:\/\/leschonsdemeraude.fr\/wp-content\/uploads\/2022\/12\/DSC06268b-1-768x922.jpg 768w, https:\/\/leschonsdemeraude.fr\/wp-content\/uploads\/2022\/12\/DSC06268b-1-1279x1536.jpg 1279w\" sizes=\"(max-width: 321px) 100vw, 321px\" \/><\/a><\/p>\n<p>Meilleur cobaye \u00e0 poils durs non uni \u00e0 la rencontre transfrontali\u00e8res d&rsquo;Erstein en novembre 2021 avec une Femelle Us-Teddy noir, fauve et blanche.<\/p>\n<h3><strong>Les Chons d&rsquo;Emeraude c&rsquo;est :<\/strong><\/h3>\n<ul>\n<li>un \u00e9levage d\u00e9marr\u00e9 en 2010,<\/li>\n<li>situ\u00e9 \u00e0 Landange en Moselle (57) entre Metz\/Nancy\/Strasbourg,<\/li>\n<li>Pr\u00e9sident de la soci\u00e9t\u00e9 d&rsquo;aviculture de Sarrebourg et environs,<\/li>\n<li>membre de la soci\u00e9t\u00e9 d&rsquo;aviculture de Kaltenhouse,<\/li>\n<li>administrateur de l&rsquo;ANEF,<\/li>\n<li>administrateur de la FAEC,<\/li>\n<li>\u00e9l\u00e8ve-juge cunicole,<\/li>\n<li>une passion de toujours, sans but lucratif,<\/li>\n<li>un \u00e9levage amateur et surtout passionn\u00e9.<\/li>\n<\/ul>\n<p><img loading=\"lazy\" class=\"alignnone size-full\" src=\"http:\/\/cobayesdelazinsel.fr\/wp-content\/uploads\/2013\/03\/Vign_jamaisseul_ws1036253142.png\" width=\"546\" height=\"142\" \/><\/p>\n<p>Nos cochons d\u2019Inde sont disponibles sur Landange (57). Comme cela est pr\u00e9cis\u00e9 sur notre banni\u00e8re ci-dessus un cobaye est un animal gr\u00e9gaire, il est hors de question qu\u2019un de nos b\u00e9b\u00e9s soit adopt\u00e9 pour vivre seul. La pr\u00e9sence de ses cong\u00e9n\u00e8res est un besoin vital et r\u00e9el. D\u2019ailleurs la loi Suisse interdit de d\u00e9tenir un cobaye seul (\u00e0 quand en France ?).<\/p>\n<p>&nbsp;<\/p>\n<p><strong>Pour toutes demandes : <a style=\"color: #13a500;\" href=\"mailto:adoption@leschonsdemeraude.fr\">adoption@leschonsdemeraude.fr<\/a> <\/strong><\/p>\n<p><strong>\u00a0<\/strong><\/p>\n<p><a href=\"http:\/\/leschonsdemeraude.fr\/index.php\/adoptions\/\"><img loading=\"lazy\" class=\"alignnone wp-image-307 size-full\" src=\"http:\/\/leschonsdemeraude.fr\/wp-content\/uploads\/2020\/01\/adoptions-scaled.jpg\" alt=\"\" width=\"2560\" height=\"1571\" srcset=\"https:\/\/leschonsdemeraude.fr\/wp-content\/uploads\/2020\/01\/adoptions-scaled.jpg 2560w, https:\/\/leschonsdemeraude.fr\/wp-content\/uploads\/2020\/01\/adoptions-300x184.jpg 300w, https:\/\/leschonsdemeraude.fr\/wp-content\/uploads\/2020\/01\/adoptions-1024x629.jpg 1024w, https:\/\/leschonsdemeraude.fr\/wp-content\/uploads\/2020\/01\/adoptions-768x471.jpg 768w, https:\/\/leschonsdemeraude.fr\/wp-content\/uploads\/2020\/01\/adoptions-1536x943.jpg 1536w, https:\/\/leschonsdemeraude.fr\/wp-content\/uploads\/2020\/01\/adoptions-2048x1257.jpg 2048w\" sizes=\"(max-width: 2560px) 100vw, 2560px\" \/><\/a><\/p>\n<p>&nbsp;<\/p>\n<h3><a href=\"http:\/\/cobayesdelazinsel.fr\">Elevage partenaire dans le 67 : Les Cobayes de la Zinsel<\/a><\/h3>\n<p><a href=\"http:\/\/cobayesdelazinsel.fr\"><img loading=\"lazy\" class=\"alignnone size-full wp-image-409\" src=\"http:\/\/leschonsdemeraude.fr\/wp-content\/uploads\/2020\/05\/cali-test780.jpg\" alt=\"\" width=\"2007\" height=\"700\" srcset=\"https:\/\/leschonsdemeraude.fr\/wp-content\/uploads\/2020\/05\/cali-test780.jpg 2007w, https:\/\/leschonsdemeraude.fr\/wp-content\/uploads\/2020\/05\/cali-test780-300x105.jpg 300w, https:\/\/leschonsdemeraude.fr\/wp-content\/uploads\/2020\/05\/cali-test780-1024x357.jpg 1024w, https:\/\/leschonsdemeraude.fr\/wp-content\/uploads\/2020\/05\/cali-test780-768x268.jpg 768w, https:\/\/leschonsdemeraude.fr\/wp-content\/uploads\/2020\/05\/cali-test780-1536x536.jpg 1536w\" sizes=\"(max-width: 2007px) 100vw, 2007px\" \/><\/a><\/p>\n<p>&nbsp;<\/p>\n","protected":false},"excerpt":{"rendered":"<p>Bienvenue aux Chons d&rsquo;Emeraude Je me pr\u00e9sente, Fabrice. Je poss\u00e8de des cochons d&rsquo;inde depuis une trentaine d&rsquo;ann\u00e9e, mais ce n&rsquo;est que depuis 2010 que&#8230;<\/p>\n","protected":false},"author":1,"featured_media":0,"parent":0,"menu_order":0,"comment_status":"closed","ping_status":"closed","template":"","meta":[],"_links":{"self":[{"href":"https:\/\/leschonsdemeraude.fr\/index.php\/wp-json\/wp\/v2\/pages\/7"}],"collection":[{"href":"https:\/\/leschonsdemeraude.fr\/index.php\/wp-json\/wp\/v2\/pages"}],"about":[{"href":"https:\/\/leschonsdemeraude.fr\/index.php\/wp-json\/wp\/v2\/types\/page"}],"author":[{"embeddable":true,"href":"https:\/\/leschonsdemeraude.fr\/index.php\/wp-json\/wp\/v2\/users\/1"}],"replies":[{"embeddable":true,"href":"https:\/\/leschonsdemeraude.fr\/index.php\/wp-json\/wp\/v2\/comments?post=7"}],"version-history":[{"count":27,"href":"https:\/\/leschonsdemeraude.fr\/index.php\/wp-json\/wp\/v2\/pages\/7\/revisions"}],"predecessor-version":[{"id":2227,"href":"https:\/\/leschonsdemeraude.fr\/index.php\/wp-json\/wp\/v2\/pages\/7\/revisions\/2227"}],"wp:attachment":[{"href":"https:\/\/leschonsdemeraude.fr\/index.php\/wp-json\/wp\/v2\/media?parent=7"}],"curies":[{"name":"wp","href":"https:\/\/api.w.org\/{rel}","templated":true}]}}

<div></div>
<h3><strong>Bienvenue aux Chons d&rsquo;Emeraude</strong></h3>
<p>Je me présente, Fabrice. Je possède des cochons d&rsquo;inde depuis une trentaine d&rsquo;année, mais ce n&rsquo;est que depuis 2010 que j&rsquo;ai appris à découvrir les races, les variétés&#8230;</p>
<p>Mon élevage se décline en US-Teddy de diverses variétés. Ainsi que quelques Péruviens.</p>
<h3>Un résultat qui compte pour nous:</h3>
<p><a href="http://leschonsdemeraude.fr/wp-content/uploads/2022/12/DSC06268b-1.jpg"><img loading="lazy" class="wp-image-1634 aligncenter" src="http://leschonsdemeraude.fr/wp-content/uploads/2022/12/DSC06268b-1.jpg" alt="" width="321" height="385" srcset="https://leschonsdemeraude.fr/wp-content/uploads/2022/12/DSC06268b-1.jpg 1393w, https://leschonsdemeraude.fr/wp-content/uploads/2022/12/DSC06268b-1-250x300.jpg 250w, https://leschonsdemeraude.fr/wp-content/uploads/2022/12/DSC06268b-1-853x1024.jpg 853w, https://leschonsdemeraude.fr/wp-content/uploads/2022/12/DSC06268b-1-768x922.jpg 768w, https://leschonsdemeraude.fr/wp-content/uploads/2022/12/DSC06268b-1-1279x1536.jpg 1279w" sizes="(max-width: 321px) 100vw, 321px" /></a></p>
<p>Meilleur cobaye à poils durs non uni à la rencontre transfrontalières d&rsquo;Erstein en novembre 2021 avec une Femelle Us-Teddy noir, fauve et blanche.</p>
<h3><strong>Les Chons d&rsquo;Emeraude c&rsquo;est :</strong></h3>
<ul>
<li>un élevage démarré en 2010,</li>
<li>situé à Landange en Moselle (57) entre Metz/Nancy/Strasbourg,</li>
<li>Président de la société d&rsquo;aviculture de Sarrebourg et environs,</li>
<li>membre de la société d&rsquo;aviculture de Kaltenhouse,</li>
<li>administrateur de l&rsquo;ANEF,</li>
<li>administrateur de la FAEC,</li>
<li>élève-juge cunicole,</li>
<li>une passion de toujours, sans but lucratif,</li>
<li>un élevage amateur et surtout passionné.</li>
</ul>
<p><img loading="lazy" class="alignnone size-full" src="http://cobayesdelazinsel.fr/wp-content/uploads/2013/03/Vign_jamaisseul_ws1036253142.png" width="546" height="142" /></p>
<p>Nos cochons d’Inde sont disponibles sur Landange (57). Comme cela est précisé sur notre bannière ci-dessus un cobaye est un animal grégaire, il est hors de question qu’un de nos bébés soit adopté pour vivre seul. La présence de ses congénères est un besoin vital et réel. D’ailleurs la loi Suisse interdit de détenir un cobaye seul (à quand en France ?).</p>
<p>&nbsp;</p>
<p><strong>Pour toutes demandes : <a style="color: #13a500;" href="mailto:adoption@leschonsdemeraude.fr">adoption@leschonsdemeraude.fr</a> </strong></p>
<p><strong> </strong></p>
<p><a href="http://leschonsdemeraude.fr/index.php/adoptions/"><img loading="lazy" class="alignnone wp-image-307 size-full" src="http://leschonsdemeraude.fr/wp-content/uploads/2020/01/adoptions-scaled.jpg" alt="" width="2560" height="1571" srcset="https://leschonsdemeraude.fr/wp-content/uploads/2020/01/adoptions-scaled.jpg 2560w, https://leschonsdemeraude.fr/wp-content/uploads/2020/01/adoptions-300x184.jpg 300w, https://leschonsdemeraude.fr/wp-content/uploads/2020/01/adoptions-1024x629.jpg 1024w, https://leschonsdemeraude.fr/wp-content/uploads/2020/01/adoptions-768x471.jpg 768w, https://leschonsdemeraude.fr/wp-content/uploads/2020/01/adoptions-1536x943.jpg 1536w, https://leschonsdemeraude.fr/wp-content/uploads/2020/01/adoptions-2048x1257.jpg 2048w" sizes="(max-width: 2560px) 100vw, 2560px" /></a></p>
<p>&nbsp;</p>
<h3><a href="http://cobayesdelazinsel.fr">Elevage partenaire dans le 67 : Les Cobayes de la Zinsel</a></h3>
<p><a href="http://cobayesdelazinsel.fr"><img loading="lazy" class="alignnone size-full wp-image-409" src="http://leschonsdemeraude.fr/wp-content/uploads/2020/05/cali-test780.jpg" alt="" width="2007" height="700" srcset="https://leschonsdemeraude.fr/wp-content/uploads/2020/05/cali-test780.jpg 2007w, https://leschonsdemeraude.fr/wp-content/uploads/2020/05/cali-test780-300x105.jpg 300w, https://leschonsdemeraude.fr/wp-content/uploads/2020/05/cali-test780-1024x357.jpg 1024w, https://leschonsdemeraude.fr/wp-content/uploads/2020/05/cali-test780-768x268.jpg 768w, https://leschonsdemeraude.fr/wp-content/uploads/2020/05/cali-test780-1536x536.jpg 1536w" sizes="(max-width: 2007px) 100vw, 2007px" /></a></p>
<p>&nbsp;</p>

<p>Bienvenue aux Chons d&rsquo;Emeraude Je me présente, Fabrice. Je possède des cochons d&rsquo;inde depuis une trentaine d&rsquo;année, mais ce n&rsquo;est que depuis 2010 que&#8230;</p>
